[INFO] fetching crate web3_etz 0.1.0...
[INFO] checking web3_etz-0.1.0 against master#af3c6e733a40e671550e0f0f5aeecaa13772ba56 for pr-74989
[INFO] extracting crate web3_etz 0.1.0 into /workspace/builds/worker-11/source
[INFO] validating manifest of crates.io crate web3_etz 0.1.0 on toolchain af3c6e733a40e671550e0f0f5aeecaa13772ba56
[INFO] running `Command { std: "/workspace/cargo-home/bin/cargo" "+af3c6e733a40e671550e0f0f5aeecaa13772ba56" "read-manifest" "--manifest-path" "Cargo.toml", kill_on_drop: false }`
[INFO] started tweaking crates.io crate web3_etz 0.1.0
[INFO] finished tweaking crates.io crate web3_etz 0.1.0
[INFO] tweaked toml for crates.io crate web3_etz 0.1.0 written to /workspace/builds/worker-11/source/Cargo.toml
[INFO] running `Command { std: "/workspace/cargo-home/bin/cargo" "+af3c6e733a40e671550e0f0f5aeecaa13772ba56" "generate-lockfile" "--manifest-path" "Cargo.toml" "-Zno-index-update", kill_on_drop: false }`
[INFO] [stderr]     Blocking waiting for file lock on package cache
[INFO] running `Command { std: "/workspace/cargo-home/bin/cargo" "+af3c6e733a40e671550e0f0f5aeecaa13772ba56" "fetch" "--locked" "--manifest-path" "Cargo.toml", kill_on_drop: false }`
[INFO] [stderr]     Blocking waiting for file lock on package cache
[INFO] [stderr]     Blocking waiting for file lock on package cache
[INFO] running `Command { std: "docker" "create" "-v" "/var/lib/crater-agent-workspace/builds/worker-11/target:/opt/rustwide/target:rw,Z" "-v" "/var/lib/crater-agent-workspace/builds/worker-11/source:/opt/rustwide/workdir:ro,Z" "-v" "/var/lib/crater-agent-workspace/cargo-home:/opt/rustwide/cargo-home:ro,Z" "-v" "/var/lib/crater-agent-workspace/rustup-home:/opt/rustwide/rustup-home:ro,Z" "-e" "SOURCE_DIR=/opt/rustwide/workdir" "-e" "CARGO_TARGET_DIR=/opt/rustwide/target" "-e" "CARGO_HOME=/opt/rustwide/cargo-home" "-e" "RUSTUP_HOME=/opt/rustwide/rustup-home" "-w" "/opt/rustwide/workdir" "-m" "1610612736" "--user" "0:0" "--network" "none" "rustops/crates-build-env@sha256:d92eaeed33fa75130ca1ee6c8a01d1ffb62bac859dfdfb3450e3e5d1c0146529" "/opt/rustwide/cargo-home/bin/cargo" "+af3c6e733a40e671550e0f0f5aeecaa13772ba56" "metadata" "--no-deps" "--format-version=1", kill_on_drop: false }`
[INFO] [stdout] 9dbba62de6c77468255a4281f25b5d1a52f66dd5fdbec0fbe7bdeb593f453044
[INFO] [stderr] WARNING: Your kernel does not support swap limit capabilities or the cgroup is not mounted. Memory limited without swap.
[INFO] running `Command { std: "docker" "start" "-a" "9dbba62de6c77468255a4281f25b5d1a52f66dd5fdbec0fbe7bdeb593f453044", kill_on_drop: false }`
[INFO] running `Command { std: "docker" "inspect" "9dbba62de6c77468255a4281f25b5d1a52f66dd5fdbec0fbe7bdeb593f453044", kill_on_drop: false }`
[INFO] running `Command { std: "docker" "rm" "-f" "9dbba62de6c77468255a4281f25b5d1a52f66dd5fdbec0fbe7bdeb593f453044", kill_on_drop: false }`
[INFO] [stdout] 9dbba62de6c77468255a4281f25b5d1a52f66dd5fdbec0fbe7bdeb593f453044
[INFO] running `Command { std: "docker" "create" "-v" "/var/lib/crater-agent-workspace/builds/worker-11/target:/opt/rustwide/target:rw,Z" "-v" "/var/lib/crater-agent-workspace/builds/worker-11/source:/opt/rustwide/workdir:ro,Z" "-v" "/var/lib/crater-agent-workspace/cargo-home:/opt/rustwide/cargo-home:ro,Z" "-v" "/var/lib/crater-agent-workspace/rustup-home:/opt/rustwide/rustup-home:ro,Z" "-e" "SOURCE_DIR=/opt/rustwide/workdir" "-e" "CARGO_TARGET_DIR=/opt/rustwide/target" "-e" "CARGO_INCREMENTAL=0" "-e" "RUST_BACKTRACE=full" "-e" "RUSTFLAGS=--cap-lints=forbid" "-e" "CARGO_HOME=/opt/rustwide/cargo-home" "-e" "RUSTUP_HOME=/opt/rustwide/rustup-home" "-w" "/opt/rustwide/workdir" "-m" "1610612736" "--user" "0:0" "--network" "none" "rustops/crates-build-env@sha256:d92eaeed33fa75130ca1ee6c8a01d1ffb62bac859dfdfb3450e3e5d1c0146529" "/opt/rustwide/cargo-home/bin/cargo" "+af3c6e733a40e671550e0f0f5aeecaa13772ba56" "check" "--frozen" "--all" "--all-targets" "--message-format=json", kill_on_drop: false }`
[INFO] [stdout] 21beae325b7e86317870191ec14ab81f7fef3043fc04d40a9fd56fea622ac960
[INFO] [stderr] WARNING: Your kernel does not support swap limit capabilities or the cgroup is not mounted. Memory limited without swap.
[INFO] running `Command { std: "docker" "start" "-a" "21beae325b7e86317870191ec14ab81f7fef3043fc04d40a9fd56fea622ac960", kill_on_drop: false }`
[INFO] [stderr]     Checking cfg-if v0.1.10
[INFO] [stderr]    Compiling byteorder v1.3.4
[INFO] [stderr]    Compiling log v0.4.11
[INFO] [stderr]     Checking either v1.6.0
[INFO] [stderr]     Checking slab v0.4.2
[INFO] [stderr]    Compiling syn v1.0.40
[INFO] [stderr]    Compiling serde v1.0.116
[INFO] [stderr]    Compiling pkg-config v0.3.18
[INFO] [stderr]    Compiling cc v1.0.59
[INFO] [stderr]    Compiling memchr v2.3.3
[INFO] [stderr]     Checking rand_core v0.4.2
[INFO] [stderr]    Compiling heapsize v0.4.2
[INFO] [stderr]    Compiling crunchy v0.2.2
[INFO] [stderr]     Checking itoa v0.4.6
[INFO] [stderr]     Checking rustc-hex v2.1.0
[INFO] [stderr]    Compiling arrayvec v0.4.12
[INFO] [stderr]    Compiling bitflags v1.2.1
[INFO] [stderr]    Compiling openssl v0.10.30
[INFO] [stderr]    Compiling httparse v1.3.4
[INFO] [stderr]     Checking foreign-types-shared v0.1.1
[INFO] [stderr]     Checking tinyvec v0.3.4
[INFO] [stderr]    Compiling proc-macro2 v0.4.30
[INFO] [stderr]     Checking static_assertions v0.2.5
[INFO] [stderr]    Compiling version_check v0.1.5
[INFO] [stderr]     Checking matches v0.1.8
[INFO] [stderr]    Compiling native-tls v0.2.4
[INFO] [stderr]    Compiling version_check v0.9.2
[INFO] [stderr]     Checking openssl-probe v0.1.2
[INFO] [stderr]    Compiling unicode-xid v0.1.0
[INFO] [stderr]     Checking hashbrown v0.9.0
[INFO] [stderr]    Compiling syn v0.15.44
[INFO] [stderr]     Checking safemem v0.3.3
[INFO] [stderr]     Checking try-lock v0.2.3
[INFO] [stderr]    Compiling regex-syntax v0.6.18
[INFO] [stderr]     Checking sha1 v0.6.0
[INFO] [stderr]     Checking quick-error v1.2.3
[INFO] [stderr]     Checking termcolor v1.1.0
[INFO] [stderr]    Compiling indexmap v1.6.0
[INFO] [stderr]     Checking thread_local v1.0.1
[INFO] [stderr]     Checking rlp v0.4.5
[INFO] [stderr]     Checking rand_core v0.3.1
[INFO] [stderr]     Checking foreign-types v0.3.2
[INFO] [stderr]     Checking unicode-bidi v0.3.4
[INFO] [stderr]     Checking unicode-normalization v0.1.13
[INFO] [stderr]     Checking humantime v1.3.0
[INFO] [stderr]     Checking crossbeam-utils v0.7.2
[INFO] [stderr]     Checking iovec v0.1.4
[INFO] [stderr]     Checking net2 v0.2.35
[INFO] [stderr]     Checking rand v0.5.6
[INFO] [stderr]     Checking time v0.1.44
[INFO] [stderr]     Checking atty v0.2.14
[INFO] [stderr]    Compiling unicase v1.4.2
[INFO] [stderr]     Checking tiny-keccak v1.5.0
[INFO] [stderr]     Checking impl-rlp v0.2.1
[INFO] [stderr]     Checking futures-cpupool v0.1.8
[INFO] [stderr]     Checking log v0.3.9
[INFO] [stderr]     Checking want v0.2.0
[INFO] [stderr]    Compiling error-chain v0.12.4
[INFO] [stderr]    Compiling aho-corasick v0.7.13
[INFO] [stderr]     Checking mio v0.6.22
[INFO] [stderr]     Checking parking_lot_core v0.6.2
[INFO] [stderr]     Checking tokio-executor v0.1.10
[INFO] [stderr]     Checking crossbeam-epoch v0.8.2
[INFO] [stderr]     Checking crossbeam-queue v0.2.3
[INFO] [stderr]     Checking mime v0.2.6
[INFO] [stderr]     Checking bytes v0.4.12
[INFO] [stderr]     Checking uint v0.7.1
[INFO] [stderr]     Checking base64 v0.9.3
[INFO] [stderr]     Checking base64 v0.10.1
[INFO] [stderr]     Checking parking_lot v0.9.0
[INFO] [stderr]     Checking tokio-current-thread v0.1.7
[INFO] [stderr]     Checking tokio-timer v0.2.13
[INFO] [stderr]     Checking crossbeam-deque v0.7.3
[INFO] [stderr]    Compiling quote v0.6.13
[INFO] [stderr]     Checking tokio-io v0.1.13
[INFO] [stderr]     Checking http v0.1.21
[INFO] [stderr]     Checking string v0.2.1
[INFO] [stderr]     Checking tokio-buf v0.1.1
[INFO] [stderr]     Checking idna v0.1.5
[INFO] [stderr]     Checking fixed-hash v0.3.2
[INFO] [stderr]     Checking tokio-threadpool v0.1.18
[INFO] [stderr]     Checking mio-uds v0.6.8
[INFO] [stderr]    Compiling openssl-sys v0.9.58
[INFO] [stderr]     Checking tokio-reactor v0.1.12
[INFO] [stderr]     Checking tokio-codec v0.1.2
[INFO] [stderr]     Checking regex v1.3.9
[INFO] [stderr]     Checking tokio-udp v0.1.6
[INFO] [stderr]     Checking tokio-tcp v0.1.4
[INFO] [stderr]     Checking tokio-uds v0.2.7
[INFO] [stderr]     Checking tokio-fs v0.1.7
[INFO] [stderr]     Checking url v1.7.2
[INFO] [stderr]     Checking tokio v0.1.22
[INFO] [stderr]     Checking tokio-core v0.1.17
[INFO] [stderr]     Checking hyper v0.10.16
[INFO] [stderr]     Checking env_logger v0.6.2
[INFO] [stderr]     Checking tokio-uds v0.1.7
[INFO] [stderr]     Checking h2 v0.1.26
[INFO] [stderr]     Checking http-body v0.1.0
[INFO] [stderr]    Compiling serde_derive v1.0.116
[INFO] [stderr]     Checking tokio-tls v0.2.1
[INFO] [stderr]     Checking websocket v0.21.1
[INFO] [stderr]     Checking hyper v0.12.35
[INFO] [stderr]    Compiling derive_more v0.15.0
[INFO] [stderr]     Checking hyper-tls v0.3.2
[INFO] [stderr]     Checking impl-serde v0.2.3
[INFO] [stderr]     Checking parity-codec v3.5.4
[INFO] [stderr]     Checking serde_json v1.0.57
[INFO] [stderr]     Checking ethbloom v0.6.4
[INFO] [stderr]     Checking impl-codec v0.2.0
[INFO] [stderr]     Checking primitive-types v0.3.0
[INFO] [stderr]     Checking jsonrpc-core v13.2.0
[INFO] [stderr]     Checking ethereum-types v0.6.0
[INFO] [stderr]     Checking ethabi v8.0.1
[INFO] [stderr]     Checking web3_etz v0.1.0 (/opt/rustwide/workdir)
[INFO] [stdout] error[E0433]: failed to resolve: use of undeclared type or module `web3`
[INFO] [stdout]  --> examples/simple_ipc.rs:6:46
[INFO] [stdout]   |
[INFO] [stdout] 6 |     let (_el, transport) = web3::transports::Ipc::new("./jsonrpc.ipc").unwrap();
[INFO] [stdout]   |                                              ^^^ not found in `web3::transports`
[INFO] [stdout]   |
[INFO] [stdout] help: consider importing this struct
[INFO] [stdout]   |
[INFO] [stdout] 3 | use web3_etz::transports::Ipc;
[INFO] [stdout]   |
[INFO] [stdout] 
[INFO] [stdout] 
[INFO] [stdout] error[E0433]: failed to resolve: could not find `web3_etz` in `web3_etz`
[INFO] [stdout]  --> examples/pubsub.rs:7:30
[INFO] [stdout]   |
[INFO] [stdout] 7 |     let web3_etz = web3_etz::web3_etz::new(ws.clone());
[INFO] [stdout]   |                              ^^^^^^^^ could not find `web3_etz` in `web3_etz`
[INFO] [stdout] 
[INFO] [stdout] 
[INFO] [stdout] error[E0433]: failed to resolve: could not find `web3_etz` in `web3_etz`
[INFO] [stdout]   --> examples/batch.rs:16:30
[INFO] [stdout]    |
[INFO] [stdout] 16 |     let web3_etz = web3_etz::web3_etz::new(web3_etz::transports::Batch::new(http));
[INFO] [stdout]    |                              ^^^^^^^^ could not find `web3_etz` in `web3_etz`
[INFO] [stdout] 
[INFO] [stdout] 
[INFO] [stdout] error[E0433]: failed to resolve: could not find `web3_etz` in `web3_etz`
[INFO] [stdout]   --> examples/ipc.rs:12:30
[INFO] [stdout]    |
[INFO] [stdout] 12 |     let web3_etz = web3_etz::web3_etz::new(ipc);
[INFO] [stdout]    |                              ^^^^^^^^ could not find `web3_etz` in `web3_etz`
[INFO] [stdout] 
[INFO] [stdout] 
[INFO] [stdout] error: aborting due to previous error
[INFO] [stdout] 
[INFO] [stdout] 
[INFO] [stdout] For more information about this error, try `rustc --explain E0433`.
[INFO] [stdout] 
[INFO] [stdout] warning: unused import: `Future`
[INFO] [stdout]  --> examples/pubsub.rs:3:25
[INFO] [stdout]   |
[INFO] [stdout] 3 | use web3_etz::futures::{Future, Stream};
[INFO] [stdout]   |                         ^^^^^^
[INFO] [stdout]   |
[INFO] [stdout]   = note: `#[warn(unused_imports)]` on by default
[INFO] [stdout] 
[INFO] [stdout] 
[INFO] [stdout] warning: unused import: `Stream`
[INFO] [stdout]  --> examples/pubsub.rs:3:33
[INFO] [stdout]   |
[INFO] [stdout] 3 | use web3_etz::futures::{Future, Stream};
[INFO] [stdout]   |                                 ^^^^^^
[INFO] [stdout] 
[INFO] [stdout] 
[INFO] [stderr] error: could not compile `web3_etz`.
[INFO] [stderr] 
[INFO] [stderr] To learn more, run the command again with --verbose.
[INFO] [stderr] warning: build failed, waiting for other jobs to finish...
[INFO] [stdout] error: aborting due to previous error; 2 warnings emitted
[INFO] [stdout] 
[INFO] [stdout] 
[INFO] [stdout] For more information about this error, try `rustc --explain E0433`.
[INFO] [stdout] 
[INFO] [stdout] warning: unused import: `web3_etz::futures::Future`
[INFO] [stdout]  --> examples/ipc.rs:5:5
[INFO] [stdout]   |
[INFO] [stdout] 5 | use web3_etz::futures::Future;
[INFO] [stdout]   |     ^^^^^^^^^^^^^^^^^^^^^^^^^
[INFO] [stdout]   |
[INFO] [stdout]   = note: `#[warn(unused_imports)]` on by default
[INFO] [stdout] 
[INFO] [stdout] 
[INFO] [stdout] error: aborting due to previous error; 1 warning emitted
[INFO] [stdout] 
[INFO] [stdout] 
[INFO] [stdout] For more information about this error, try `rustc --explain E0433`.
[INFO] [stdout] 
[INFO] [stdout] warning: unused import: `web3_etz::futures::Future`
[INFO] [stdout]  --> examples/batch.rs:4:5
[INFO] [stdout]   |
[INFO] [stdout] 4 | use web3_etz::futures::Future;
[INFO] [stdout]   |     ^^^^^^^^^^^^^^^^^^^^^^^^^
[INFO] [stdout]   |
[INFO] [stdout]   = note: `#[warn(unused_imports)]` on by default
[INFO] [stdout] 
[INFO] [stdout] 
[INFO] [stdout] error: aborting due to previous error; 1 warning emitted
[INFO] [stdout] 
[INFO] [stdout] 
[INFO] [stdout] For more information about this error, try `rustc --explain E0433`.
[INFO] [stdout] 
[INFO] [stderr] error: build failed
[INFO] running `Command { std: "docker" "inspect" "21beae325b7e86317870191ec14ab81f7fef3043fc04d40a9fd56fea622ac960", kill_on_drop: false }`
[INFO] running `Command { std: "docker" "rm" "-f" "21beae325b7e86317870191ec14ab81f7fef3043fc04d40a9fd56fea622ac960", kill_on_drop: false }`
[INFO] [stdout] 21beae325b7e86317870191ec14ab81f7fef3043fc04d40a9fd56fea622ac960
